+ 2*l + 12. Give x(25).
62
Let g(j) = 29*j - 78. What is g(4)?
38
Let q(w) = 17*w + 65. Give q(-4).
-3
Let q(j) = -j**3 - 30*j**2 - 26*j + 66. Give q(-29).
-21
Let r(m) = 3*m**2 - 6*m - 6. Determine r(5).
39
Let q(i) = i**3 - 7*i**2 + 8*i + 4. Give q(6).
16
Let k(m) = -m - 13. What is k(-9)?
-4
Let w(j) = 5*j - 25. Calculate w(13).
40
Let m(h) = h + 13. Determine m(11).
24
Let c(i) = 4*i - 39. Give c(13).
13
Let w(t) = 5*t**2 - 8*t + 3. Give w(2).
7
Let c(f) = f**3 + 9*f**2 - 6*f - 15. What is c(-9)?
39
Let p(y) = 12*y - 54. What is p(5)?
6
Let u(a) = -7*a + 5. Give u(3).
-16
Let j(b) = -2*b**2 - 7*b - 3. Calculate j(-4).
-7
Let v(x) = -3*x**3 + 37*x**2 - 9*x - 32. Calculate v(12).
4
Let n(b) = -b**3 + 22*b**2 + 8*b - 78. Calculate n(22).
98
Let u(q) = -9*q**3 + q**2 - 2*q - 3. Determine u(-2).
77
Let u(d) = -9*d**3 - d**2 + d - 1. What is u(1)?
-10
Let v(i) = i - 51. What is v(44)?
-7
Let f(t) = -t**2 - 10*t + 47. Give f(-14).
-9
Let p(f) = 7*f + 8. What is p(0)?
8
Let y(o) = 5*o**2 - 23*o - 6. Calculate y(5).
4
Let q(o) = -o**2 - 10*o - 16. Calculate q(-7).
5
Let m(t) = -t + 14. Determine m(19).
-5
Let h(q) = 8*q + 19. What is h(0)?
19
Let d(s) = -s**3 - s**2 + 2*s - 6. Give d(-3).
6
Let o(k) = k**2 + 8*k - 45. Give o(4).
3
Let w(t) = -2*t**2 + 18*t + 19. Determine w(9).
19
Let x(c) = 46*c**2 + 2*c - 1. Calculate x(1).
47
Let p(n) = -n**2 - 31*n - 219. What is p(-21)?
-9
Let o(d) = d**2 + 12*d + 39. Give o(-9).
12
Let f(d) = -8*d + 143. Calculate f(16).
15
Let j(g) = -4*g. What is j(7)?
-28
Let i(r) = 5*r + 3. Determine i(6).
33
Let j(p) = p**2 - 4*p - 4. Calculate j(5).
1
Let r(q) = -q**2 + 2*q - 7. Calculate r(5).
-22
Let v(x) = 58*x. What is v(1)?
58
Let y(v) = v**3 - v**2 - 2*v + 6. Determine y(4).
46
Let f(c) = -c**3 + 13*c**2 + 27*c + 35. What is f(15)?
-10
Let h(b) = -b**3 + 25*b**2 - b + 7. Give h(25).
-18
Let y(m) = m**2 - 28*m + 56. What is y(26)?
4
Let q(c) = c**2 + 22*c - 47. Give q(-24).
1
Let p(i) = i**3 - 5*i**2 + 9*i - 12. Determine p(3).
-3
Let h(j) = 35*j + 1. Determine h(2).
71
Let p(m) = m**3 + 16*m**2 + 62*m + 19. What is p(-8)?
35
Let f(d) = d**2 - 28*d. Give f(28).
0
Let u(b) = -3*b**3 - b**2 - b - 1. Give u(-1).
2
Let i(n) = 16*n + 8. Give i(0).
8
Let y(s) = -2*s + 12. Calculate y(-6).
24
Let o(q) = 3*q + 19. What is o(-17)?
-32
Let c(w) = w**3 + 5*w**2 - 10*w - 8. What is c(-6)?
16
Let d(o) = o**3 + 18*o**2 + o - 3. Calculate d(-18).
-21
Let l(u) = -3*u**2 - 14*u - 10. Give l(-5).
-15
Let b(c) = -2*c**2 - 13*c + 5. What is b(-5)?
20
Let z(a) = -29*a**2 - 4*a + 2. Determine z(1).
-31
Let p(o) = -4*o**2 + o + 1. What is p(-3)?
-38
Let w(m) = -3*m + 13. What is w(6)?
-5
Let y(p) = 4*p - 105. Determine y(0).
-105
Let w(c) = c**2 - 4*c - 5. Determine w(6).
7
Let f(x) = -3*x**3 + 4*x**2 - 2*x - 2. Calculate f(2).
-14
Let r(b) = b**3 + 7*b**2 - 5*b + 3. What is r(-7)?
38
Let a(j) = -j**2 - 9*j + 6. What is a(-10)?
-4
Let g(w) = w**3 + 16*w**2 - 22*w + 24. Calculate g(-17).
109
Let w(d) = 11*d + 72. Determine w(-9).
-27
Let l(d) = -d**3 - 14*d**2 - 23*d - 5. Calculate l(-11).
-115
Let d(h) = h**2 + 71*h - 458. Give d(6).
4
Let s(l) = -l**3 + 2*l**2 + 4*l + 1. What is s(3)?
4
Let v(g) = -g**3 - 6*g**2 + 3*g + 4. Give v(-6).
-14
Let d(t) = 133*t + 532. Give d(-4).
0
Let t(u) = 8*u. Calculate t(0).
0
Let z(i) = 5*i - 122. Give z(23).
-7
Let m(h) = -7*h**2 - 33*h + 34. Give m(1).
-6
Let x(j) = -j**3 - 7*j**2 + 15*j - 24. What is x(-9)?
3
Let k(r) = -r**2 + 18*r + 29. What is k(15)?
74
Let n(a) = -126*a**2 - 2*a. What is n(-1)?
-124
Let y(u) = 15*u**2 - u - 1. Determine y(-1).
15
Let n(x) = -5*x - 36. What is n(12)?
-96
Let l(k) = -12*k + 115. Calculate l(9).
7
Let v(n) = 22*n + 82. What is v(-6)?
-50
Let q(b) = 11*b - 14. Calculate q(-2).
-36
Let u(a) = a**2 + 3*a - 66. Calculate u(7).
4
Let o(x) = x**3 - 14*x**2 - 11*x - 77. What is o(15)?
-17
Let x(q) = -3*q**2 + q - 12. Determine x(-5).
-92
Let b(g) = -5*g**2 - 3*g + 2. What is b(-3)?
-34
Let h(m) = 2*m**2 + 17*m - 4. Give h(-9).
5
Let a(z) = -4*z + 20. Determine a(4).
4
Let q(j) = 16*j - 10. Give q(1).
6
Let o(q) = -2*q**2 - 7*q + 6. Determine o(-6).
-24
Let r(z) = z**3 - 7*z**2 + 12*z - 2. Calculate r(5).
8
Let k(g) = -g**3 + 4*g**2 - 13. Give k(3).
-4
Let b(y) = 60*y**3 - y**2 + y + 2. Determine b(-1).
-60
Let x(o) = o**2 + 9*o + 6. Calculate x(-6).
-12
Let v(q) = q**3 + q**2 - q. Determine v(4).
76
Let o(d) = 36*d**2 - d. Give o(1).
35
Let h(u) = 43*u - 685. What is h(16)?
3
Let o(r) = 41*r + 898. Calculate o(-22).
-4
Let g(z) = -z - 25. Determine g(-23).
-2
Let g(p) = -9*p - 2. Calculate g(0).
-2
Let t(u) = u**2 - 13*u + 12. Calculate t(8).
-28
Let h(r) = -r**3 + 6*r**2 - 12*r + 7. Give h(6).
-65
Let y(w) = w**2 + 35*w + 41. Calculate y(-34).
7
Let f(g) = g - 21. Calculate f(11).
-10
Let w(h) = -h**3 - 15*h**2 + 13*h - 33. Give w(-16).
15
Let d(w) = w**2 - 14*w - 117. Determine d(20).
3
Let s(c) = c**2 - 12*c + 17. Determine s(10).
-3
Let l(p) = -p**2 + 11*p. Give l(9).
18
Let o(l) = 5*l**2 - l. Calculate o(2).
18
Let t(y) = 2*y - 18. Calculate t(3).
-12
Let z(j) = 4*j**2 + j - 6. What is z(2)?
12
Let p(q) = 12*q**2 + q - 1. What is p(1)?
12
Let x(r) = r - 7. Calculate x(-3).
-10
Let g(v) = -2*v**2 + 2*v - 9. What is g(0)?
-9
Let t(m) = -m**3 - 33*m**2 + 33*m - 26. Calculate t(-34).
8
Let d(b) = -b**3 - 6*b**2 - 4*b - 6. What is d(-6)?
18
Let v(a) = -2*a**3 - 4*a**2 + a + 1. What is v(-3)?
16
Let q(y) = -y**3 + 15*y**2 + 18*y - 12. What is q(16)?
20
Let k(u) = -u + 15. Calculate k(0).
15
Let q(z) = -z**3 + 9*z**2 - 8*z + 10. What is q(8)?
10
Let b(u) = -2*u**2 - 11*u - 5. Give b(-7).
-26
Let z(o) = 15*o + 993. Calculate z(-66).
3
Let j(a) = -a**3 - 15*a**2 - 59*a - 26. Determine j(-8).
-2
Let u(w) = -w**2 - 8*w - 4. Determine u(-8).
-4
Let r(a) = a**3 - 8*a**2 + 14*a - 18. Give r(6).
-6
Let z(s) = -s + 6. Give z(11).
-5
Let n(b) = -2*b**2 + b - 3. Calculate n(5).
-48
Let p(f) = -f + 2. Determine p(-5).
7
Let b(d) = d + 2. Give b(-2).
0
Let g(y) = -y**2 + 15*y + 1. What is g(15)?
1
Let m(j) = j**3 - 3*j**2 - 3*j. What is m(4)?
4
Let n(q) = -q + 16. Give n(-7).
23
Let f(j) = 30*j - 175. Give f(6).
5
Let u(v) = v**3 + 9*v**2 - 12*v - 35. Give u(-10).
-15
Let a(f) = -31*f**3 - f**2 - f. What is a(-1)?
31
Let i(k) = -6*k**2 + k. Give i(1).
-5
Let i(g) = -g**3 + 3*g**2 + 6*g - 12. Give i(5).
-32
Let h(x) = 18*x - 552. Determine h(31).
6
Let d(n) = n**3 - 4*n**2 - 3*n - 3. Calculate d(3).
-21
Let g(l) = 4*l**3 + l**2 + 4*l + 2. Calculate g(-2).
-34
Let o(m) = m**3 + 6*m**2 - 3. Calculate o(-6).
-3
Let h(c) = c**2 + 10*c + 7. Give h(-9).
-2
Let g(r) = 4*r + 82. Give g(-8).
50
Let w(n) = 4*n - 66. Calculate w(14).
-10
Let d(m) = 39*m - 28. Calculate d(1).
11
Let u(n) = n**3 - 10*n**2 + n - 14. Determine u(10).
-4
Let p(x) = -4*x. What is p(0)?
0
Let o(r) = -3*r + 47. What is o(-10)?
77
Let k(r) = 2*r**3 - 12*r**2 - r + 13. Give k(6).
7
Let t(k) = 5*k - 32. Give t(8).
8
Let q(i) = i**2 - 22*i + 42. Calculate q(19).
-15
Let h(i) = i**3 + i**2 - 9*i - 3. What is h(-4)?
-15
Let c(l) = 29*l - 172. Give c(5).
-27
Let u(n) = 18*n - 17. Determine u(2).
19
Let g(z) = -z**2 - 28*z + 295. Give g(8).
7
Let d(o) = -o**2 + 59*o - 314. What is d(6)?
4
Let o(w) = w**3 + 6*w**2 + w - 4. Calculate o(-5).
16
Let d(k) = -5*k + 1. What is d(-11)?
56
Let t(p) = p**2 - 4*p + 11. Determine t(2).
7
Let j(u) = -4*u**2 - 145*u - 47. Calculate j(-36).
-11
Let j(p) = 2*p**3 + 3*p**2. Determine j(-2).
-4
Let l(i) = i**2 - 17*i + 3. Determine l(17).
3
Let h(q) = -q**2 + 26*q - 64. Determine h(22).
24
Let g(l) = l**3 - 12*l**2 - 4*l + 3. Give g(12).
-45
Let j(z) = 25*z - 151. What is j(6)?
-1
Let v(h) = -8*h + 5. Calculate v(5).
-35
Let x(g) = -g**2 + g - 7. What is x(5)?
-27
Let w(j) = j**3 + 24*j**2 + 48*j + 85. Give w(-22).
-3
Let f(t) = -3*t**2 + 15*t - 8. Give f(6).
-26
Let z(s) = 69*s. Determine z(-1).
-69
Let d(u) = u**3 + 4*u**2 - 15*u - 14. Give d(-6).
4
Let r(p) = -6*p**2 + 349*p - 51. What is r(58)?
7
Let q(h) = -h**3 + 17*h**2 + 16*h + 31. Give q(18).
-5
Let x(l) = -l**2 - 6*l - 12. Give x(-7).
-19
Let n(j) = j**3 - 5*j**2 - 2*j + 4. What is n(5)?
-6
Let m(j) = 2*j**3 - 5*j**2 - 3*j - 7. Determine m(0).
-7
Let k(l) = -3*l**2 - 3*l - 2. Give k(2).
-20
Let o(w) = -6*w**2 + 3*w + 1. What is o(-2)?